e prime factors of 992084311?
29297, 33863
List the prime factors of 525507187.
19, 27658273
List the prime factors of 51531486.
2, 3, 31, 277051
What are the prime factors of 11589617?
13, 891509
What are the prime factors of 285811641?
3, 31756849
What are the prime factors of 5227717135?
5, 1045543427
What are the prime factors of 214763392?
2, 37, 137, 331
What are the prime factors of 710303133?
3, 4159, 56929
What are the prime factors of 960848835?
3, 5, 64056589
What are the prime factors of 129365978?
2, 7, 1320061
What are the prime factors of 1556383355?
5, 37, 8412883
What are the prime factors of 2298872568?
2, 3, 167, 573571
List the prime factors of 330174172.
2, 19, 4344397
List the prime factors of 67950688.
2, 13, 19, 8597
What are the prime factors of 47384256?
2, 3, 246793
List the prime factors of 25493636.
2, 7, 41, 53, 419
List the prime factors of 171928319.
43, 3998333
List the prime factors of 596302391.
31, 167, 115183
What are the prime factors of 993253303?
7, 47, 241, 12527
What are the prime factors of 39677827?
7, 2351, 2411
List the prime factors of 2727966332.
2, 7, 13, 7494413
What are the prime factors of 365257002?
2, 3, 11, 17, 325541
List the prime factors of 802579262.
2, 43, 149, 62633
List the prime factors of 188969840.
2, 5, 23, 102701
What are the prime factors of 554620499?
89, 70019
List the prime factors of 125650780.
2, 5, 2081, 3019
What are the prime factors of 29950054?
2, 14975027
List the prime factors of 197126296.
2, 1987, 12401
What are the prime factors of 2654094394?
2, 7, 189578171
What are the prime factors of 1700450997?
3, 7, 2689, 30113
List the prime factors of 1006895204.
2, 7, 35960543
What are the prime factors of 609164633?
7, 11, 29, 37, 73, 101
What are the prime factors of 118522933?
23, 67, 76913
List the prime factors of 600558967.
71, 8458577
List the prime factors of 103639016.
2, 13, 996529
What are the prime factors of 505357515?
3, 5, 13, 199, 1447
List the prime factors of 4827244151.
911, 5298841
List the prime factors of 696314945.
5, 19, 577, 12703
What are the prime factors of 1784452270?
2, 5, 43, 4149889
What are the prime factors of 3738014729?
48197, 77557
What are the prime factors of 2057279393?
13, 158252261
What are the prime factors of 1526774894?
2, 763387447
What are the prime factors of 3025661715?
3, 5, 1531, 14639
List the prime factors of 63077440.
2, 5, 197117
What are the prime factors of 74387183?
13, 263, 21757
List the prime factors of 667551607.
10141, 65827
What are the prime factors of 30884743?
53, 582731
List the prime factors of 67600733.
71, 952123
List the prime factors of 48660129.
3, 7, 79, 3259
What are the prime factors of 616332635?
5, 123266527
What are the prime factors of 1084880569?
113, 9600713
What are the prime factors of 134308901?
1499, 89599
What are the prime factors of 31502256?
2, 3, 656297
List the prime factors of 390054873.
3, 13, 769339
What are the prime factors of 292524607?
569, 514103
List the prime factors of 17827156.
2, 4456789
What are the prime factors of 124371120?
2, 3, 5, 23, 22531
List the prime factors of 181873376.
2, 41, 67, 2069
List the prime factors of 1027523776.
2, 47, 341597
List the prime factors of 496745618.
2, 281, 883889
List the prime factors of 3895496671.
11, 17, 20831533
What are the prime factors of 341431967?
37, 9227891
List the prime factors of 3628470416.
2, 37, 2063, 2971
List the prime factors of 18890215.
5, 3778043
What are the prime factors of 20846274?
2, 3, 887, 3917
What are the prime factors of 2504079689?
2504079689
List the prime factors of 6939427153.
32063, 216431
List the prime factors of 5035394989.
509, 719, 13759
What are the prime factors of 1820114769?
3, 11, 55154993
What are the prime factors of 912729453?
3, 103, 2953817
List the prime factors of 438446459.
11, 67, 367, 1621
List the prime factors of 1068538589.
1068538589
List the prime factors of 87131769.
3, 29043923
List the prime factors of 3270718704.
2, 3, 11, 6194543
What are the prime factors of 387455807?
587, 660061
What are the prime factors of 922999910?
2, 5, 7, 13185713
List the prime factors of 113911050.
2, 3, 5, 11, 17, 31, 131
List the prime factors of 781493884.
2, 195373471
List the prime factors of 235836341.
13, 19, 937, 1019
What are the prime factors of 43748310?
2, 3, 5, 17, 85781
List the prime factors of 854521732.
2, 19, 277, 40591
List the prime factors of 30307859.
23, 197, 6689
What are the prime factors of 7676153?
881, 8713
List the prime factors of 493889714.
2, 246944857
What are the prime factors of 33915564?
2, 3, 71, 4423
List the prime factors of 3946736878.
2, 7, 281909777
List the prime factors of 649276040.
2, 5, 7, 2318843
List the prime factors of 148126093.
47, 71, 44389
List the prime factors of 3107772121.
23, 101, 197, 6791
What are the prime factors of 78982502?
2, 1009, 39139
List the prime factors of 649761087.
3, 1259, 172031
What are the prime factors of 160310185?
5, 7, 47, 97453
List the prime factors of 2494332491.
7, 79, 211, 21377
List the prime factors of 980308500.
2, 3, 5, 653539
List the prime factors of 111491719.
1373, 81203
List the prime factors of 1788823788.
2, 3, 251, 593899
What are the prime factors of 142951532?
2, 23, 1553821
List the prime factors of 1270602432.
2, 3, 11, 23, 8719
List the prime factors of 53597752.
2, 13, 151, 3413
What are the prime factors of 30483555?
3, 5, 2032237
List the prime factors of 692760851.
23, 113, 266549
List the prime factors of 1451266542.
2, 3, 11, 59, 124231
What are the prime factors of 22852194?
2, 3, 389, 9791
What are the prime factors of 376247988?
2, 3, 157, 66569
What are the prime factors of 81203016?
2, 3, 17, 29, 6863
What are the prime factors of 49973281?
49973281
List the prime factors of 44394458.
2, 61, 363889
What are the prime factors of 1521390881?
337, 4514513
What are the prime factors of 8842516?
2, 17, 109, 1193
List the prime factors of 31044710.
2, 5, 23, 43, 73
What are the prime factors of 363540232?
2, 11, 43, 191, 503
What are the prime factors of 1329723630?
2, 3, 5, 14774707
List the prime factors of 79127209.
7, 163, 9907
List the prime factors of 1191119404.
2, 4703, 63317
What are the prime factors of 98950445?
5, 11, 1799099
List the prime factors of 32612085.
3, 5, 11, 21961
List the prime factors of 7496584.
2, 109, 8597
What are the prime factors of 25044721?
13, 97, 19861
List the prime factors of 319290402.
2, 3, 19, 733, 3821
What are the prime factors of 2183408667?
3, 11, 241, 91513
List the prime factors of 70452909.
3, 233, 3733
List the prime factors of 465019583.
7, 331, 200699
List the prime factors of 33493264.
2, 7, 17, 359
List the prime factors of 50544341.
367, 137723
List the prime factors of 427131918.
2, 3, 701, 33851
What are the prime factors of 923109291?
3, 13, 876647
List the prime factors of 3751403774.
2, 941, 1993307
List the prime factors of 5186961363.
3, 1728987121
List the prime factors of 2514751255.
5, 1327, 379013
What are the prime factors of 86875015?
5, 17, 1022059
What are the prime factors of 774970322?
2, 7, 55355023
What are the prime factors of 933561022?
2, 466780511
List the prime factors of 1116936202.
2, 558468101
What are the prime factors of 1978093937?
97, 173, 117877
What are the prime factors of 4627992024?
2, 3, 7141963
List the prime factors of 22651221.
3, 59, 127973
List the prime factors of 520337439.
3, 19, 199, 1699
List the prime factors of 543017371.
13, 41770567
What are the prime factors of 18025585?
5, 19, 189743
What are the prime factors of 1273072497?
3, 424357499
What are the prime factors of 54552658?
2, 27276329
List the prime factors of 611688507.
3, 3433, 59393
List the prime factors of 97940244.
2, 3, 8161687
What are the prime factors of 2510363477?
31, 137, 591091
List the prime factors of 896256666.
2, 3, 49792037
List the prime factors of 276417302.
2, 7, 193, 102301
What are the prime factors of 141097671?
3, 11, 13, 17, 6449
What are the prime factors of 244745042?
2, 19, 1823, 3533
What are the prime factors of 1399731363?
3, 17, 373, 24527
What are the prime factors of 637685100?
2, 3, 5, 13, 54503
What are the prime factors of 1465013035?
5, 31, 9451697
What are the prime fa